- 5*k. Let s = b + -426. Let x be s/6 - 0 - 4/6. Calculate the greatest common factor of x and 46.
23
Suppose 7 + 83 = 5*q. Suppose -40 + 10 = -10*l. Suppose -l*i + c = -158, i - 4*c - 42 = -c. Calculate the greatest common factor of q and i.
18
Suppose 306*p - 169680 = 3*p. Calculate the highest common divisor of 1280 and p.
80
Suppose 0 = 2*w + 347 - 3259. Suppose -w = -32*h + 28*h. Calculate the highest common divisor of h and 28.
28
Let z(d) = 2*d**2 - 12*d + 31. Let f be z(4). Let w be (-8 - f/6)/((-1)/4). What is the greatest common factor of w and 84?
42
Let z be 93 + 3 - 3 - 5. Suppose 5*v - 187 = z. Let p be 2 + (-2 - -1) + -1 + v. Calculate the greatest common divisor of 550 and p.
55
Suppose 0 = -2*s - 2*s + 1476. Let g(v) = 5933*v - 35580. Let y be g(6). Calculate the highest common divisor of y and s.
9
Suppose -175*t + 5733 = -154*t. Calculate the greatest common divisor of 336 and t.
21
Let n(k) = k**2 + 5*k + 160. Let j be n(0). Suppose -4*z = -2*v + 176, -5*z + z = 2*v - j. What is the highest common divisor of v and 48?
12
Let c = -18813 + 18832. Calculate the highest common factor of 60857 and c.
19
Let o be (13/2)/(21/42). Let c be 273/(-28)*(-16)/6. Calculate the greatest common divisor of c and o.
13
Let a be 6 + ((-3)/2 + 1)*-2576. Suppose -5*v = -4894 + a. What is the greatest common divisor of 45 and v?
45
Let c be ((-6)/(-9))/((-4)/96). Let m(k) = -k**2 - 18*k + 21. Let g be m(c). Let d = g + -29. Calculate the highest common factor of d and 16.
8
Let r(x) = 10736*x + 30. Let h be r(0). Let s(q) = q**2 - 6. Let z be s(-6). What is the highest common factor of z and h?
30
Suppose 3*z = -w + 16, -11*w - 3*z = -16*w + 80. Suppose 0 = w*p - 30*p + 6132. Calculate the highest common divisor of 6 and p.
6
Let o = -555 - -568. Calculate the highest common divisor of 29 and o.
1
Let t be 6*9/(-162)*-21. Suppose 0 = -k - 0*k + 27. Suppose -k + t = -5*m. What is the greatest common factor of m and 6?
2
Let t be (8/12)/((-2)/(-36)). Let b = 565 + -561. Suppose -6 = -5*p - 21, -b*l + 84 = -4*p. What is the greatest common divisor of t and l?
6
Suppose -3*v = -27 - 9. Let l(s) = -10*s - 38. Let d be l(-5). Let m = 48 - d. Calculate the highest common factor of v and m.
12
Let t = -306 + 332. Suppose -t*z = -23*z - 66. What is the highest common factor of z and 176?
22
Let w(f) = f**2 + 34*f - 100. Let c be w(7). What is the greatest common factor of 407 and c?
11
Suppose 98*n - 384 = 74*n. What is the highest common divisor of 4184 and n?
8
Suppose 0 = 9*w + 4991 - 6395. What is the greatest common divisor of 2080 and w?
52
Suppose 17*j - 9747 + 2454 = 0. Let h = -299 + j. Let o = -5 - -15. What is the highest common factor of o and h?
10
Suppose 107*i - 4000 = 20*i + 350. Calculate the greatest common factor of i and 10250.
50
Suppose k + 900 = -3*k. Let w = k + 417. Suppose p - w = -2*p. Calculate the greatest common factor of p and 32.
32
Suppose 255*z - 196*z = -292*z + 34047. Calculate the greatest common divisor of 51313 and z.
97
Let s(l) = -2*l**3 - 4*l + 1. Let t be s(4). Let u = t + 166. Calculate the greatest common divisor of 184 and u.
23
Let i(p) = -p**3 + 11*p**2 - 25*p - 15. Let o be i(7). Let m(d) = -d**3 + 7*d**2 + 4*d - 30. Let t be m(o). What is the greatest common divisor of t and 40?
10
Let w be 3560/120 + (-8)/(-6) - 10. Calculate the greatest common factor of 196 and w.
7
Let t(r) = -r**3 + 18*r**2 - 30*r - 19. Let h be (-16 - -18)*(7 - -1). Let u be t(h). What is the highest common factor of u and 247?
13
Let d be (-2 - (-6 - -3))*122 + -2. Calculate the greatest common divisor of 1536 and d.
24
Let s(b) = 36*b**2 + 87*b + 168. Let f be s(-2). Calculate the greatest common divisor of f and 312.
6
Suppose 3*u + 10*d - 3797 = 8*d, -21 = -3*d. Calculate the greatest common factor of 873 and u.
97
Let t be ((-29640)/(-650))/(16/(-10) - -2). Calculate the greatest common divisor of t and 1121.
19
Let s = 11596 + 5314. What is the greatest common divisor of s and 380?
190
Let m(q) = -22*q + 4*q**2 - 54 + 28*q - 3*q**2 + 14. Let g be m(10). Calculate the greatest common divisor of g and 80.
40
Let j be ((-12)/(-10))/((-3)/30*3). Let d be 4 - (j + 5/5). Suppose -4*s + 103 = d. What is the greatest common divisor of 6 and s?
6
Let u(y) be the second derivative of 0 - y**2 + 1/3*y**3 + 9*y. Let l be u(16). What is the greatest common factor of 330 and l?
30
Suppose -2*w + 6 = 4*j, 4*w - j + 5*j = 0. Let m be w/(((-3)/60)/(18/24)). Calculate the highest common factor of m and 15.
15
Let q = 17 - 15. Suppose q*h = -12*o + 11*o + 49, -5*h + 5*o + 115 = 0. Calculate the highest common divisor of 120 and h.
24
Let l(x) = 2*x**2 - 8*x + 9. Let o be l(6). Let i = o + -28. Suppose i*r - 46 = -16. What is the highest common divisor of 12 and r?
6
Let j be 22/(2 - (-125)/(-65)). Suppose 2*m + l - 15 = 33, 2*m = l + 40. Calculate the highest common divisor of j and m.
22
Suppose -q - r + 20 = -5*r, 2*q - 4 = -r. Suppose 2*y - 12 = v, q*v + 1 = 2*y - 5. What is the greatest common divisor of 91 and y?
7
Suppose -18*v + 17*v - 2*f - 290 = 0, -v - 270 = -2*f. Let b be 5/(-3)*5712/v. What is the highest common factor of 2 and b?
2
Suppose -4*b - 3*v = -473 - 223, 0 = -3*b + 4*v + 547. What is the highest common factor of b and 767?
59
Suppose -37*v = -38*v + 3. Suppose 4 = w - 3*z - v, -15 = 5*z. Let x be w/(-10) + 174/30. What is the highest common factor of x and 8?
2
Let h(s) be the third derivative of -s**4/24 + s**3/3 + 17*s**2 + 2. Let q be h(1). What is the greatest common divisor of 1 and q?
1
Suppose 13 - 1 = 2*t + 2*o, o = t - 6. Suppose 0 = 31*y - 55 - 7. Suppose -y*v = -78 + t. What is the greatest common divisor of v and 60?
12
Let p = -9106 - -9107. What is the highest common factor of p and 499?
1
Let d(w) = -w**2 - w + 36. Let y be d(0). Let o = -44 + 46. Suppose 0 = o*i + 3*r - 9, 3*i = -7*r + 2*r + 12. Calculate the greatest common divisor of i and y.
9
Let j be (9/(-12))/((-34)/6120). Let n(a) = -a**3 + 4*a**2 + 2*a + 2. Let g be n(-4). Let o = g + -68. What is the highest common divisor of o and j?
27
Let h(x) = -x**2 + 27*x - 8. Let o be h(22). Let c = -81 + o. Suppose 1515 - 591 = 4*b. Calculate the greatest common factor of c and b.
21
Let i(u) = -4*u + 683. Let j be i(-20). Calculate the greatest common factor of j and 545.
109
Let m be (-87)/(-203) - 568/(-14). Suppose 0 = -39*v + m*v - 468. What is the greatest common divisor of 18 and v?
18
Suppose a - 4*k = 6137, 2*k = a - 2456 - 3695. What is the greatest common factor of a and 60?
15
Let p be (-276 + -11)*-1*3. Calculate the highest common divisor of p and 21.
21
Let q(y) = 4*y - 22. Let z = -34 - -41. Let j be q(z). Suppose 16*m + 42 = 426. What is the greatest common divisor of m and j?
6
Let r(y) = 23*y + 22 - 9 - 3 - 3. Let x be r(1). Calculate the highest common divisor of 390 and x.
30
Let x(u) = 2*u**2 - 16*u - 28. Let f be x(10). What is the greatest common factor of f and 972?
12
Let o(k) = 12*k**2 + 97*k + 687. Let a be o(-12). Calculate the highest common factor of a and 3058.
139
Let l = 42 - 40. Suppose 0 = -l*y + y - 266. Let z = -121 - y. Calculate the highest common factor of z and 29.
29
Let h = 7838 - 7826. Calculate the greatest common divisor of h and 1488.
12
Suppose 30 = 16*h - 11*h. Suppose -5*f - 4*l = -135, 2*l = 4*f + h*l - 108. What is the highest common divisor of f and 216?
27
Suppose 3312 = 19*w - 3794. Suppose 0 = 24*f + 10*f - w. What is the greatest common divisor of 1243 and f?
11
Suppose 0 = 2*u - 4*g - 218, 5*u - 3*g + 372 = 8*u. Calculate the highest common factor of u and 2856.
119
Let d be (-24)/(-4 - (-21 + 10 + 10)). What is the greatest common factor of d and 5936?
8
Let z = 1256 - 1236. What is the greatest common factor of 336 and z?
4
Let k = 3217 + -2869. Calculate the highest common factor of 783 and k.
87
Let w be 7020/72 + 6/(-4). Suppose -190 + 262 = 2*j. Calculate the highest common divisor of j and w.
12
Let x = -781 - -786. What is the highest common divisor of 265 and x?
5
Let u(v) = 2*v - 7. Let k be u(6). Let z(j) = 6*j + 55. Suppose -3*h - 1 = 14. Let x be z(h). What is the highest common factor of x and k?
5
Let z(n) = 20*n - 56. Let r be z(6). Let v be -205 - -203 - (-1*1 - 577). What is 